q + 51. Is i composite?
True
Is (1/((10/(-3802))/(-5)))/1 prime?
True
Let a be (1*-3)/((-9)/(-348)). Let x = a - -171. Is x a composite number?
True
Let f(b) = b**2 + 5*b + 2. Let q be f(-5). Suppose -3*x - 2*g = 2, 1 = q*x + 2*x - g. Suppose x = 2*k + k - 111. Is k composite?
False
Let q(r) = 11*r**2 - r - 1. Let m = 0 - -1. Suppose 0 = -2*i + 5 + m. Is q(i) prime?
False
Let g be (-3)/9*0 - -2. Suppose -9*d - t = -4*d - 18, -5*d + t = -22. Suppose -2*f - d*n = -86, g*n = -4*f + 3*n + 127. Is f composite?
True
Is 803*(2 + -5)/(-3) a prime number?
False
Suppose -3*s + 7 - 1 = 0. Suppose o + 2*a + 8 = -a, 0 = -4*o + 3*a - s. Is 1*(-62)/(-2) - o prime?
False
Suppose 5*p = -5, -p + 17963 = 5*y + p. Is y prime?
True
Let u = -4 - -5. Suppose u + 0 = -3*f + 5*b, 0 = 3*f + b + 7. Is 57 - (2 - 1)*f a composite number?
False
Let f = 2288 + -1239. Is f composite?
False
Let i = -68 + 384. Let m = i - 141. Suppose 35 = l + 5*w, 5*l - m = -2*w - 3*w. Is l a composite number?
True
Let m(d) = d**2 + 8*d + 9. Let i be m(-7). Suppose -5*t - 5*n + 193 = -37, 4*t + i*n - 186 = 0. Is t a composite number?
False
Suppose 0 = -2*c + 6*c - 60. Let z = c + 16. Is z prime?
True
Is 4/26 - (-4 - 10056/39) composite?
True
Suppose -u + i - 1 = -7, -u = 4*i - 11. Suppose -u*a = -1 - 370. Is a a prime number?
True
Let j = 1 - 7. Let m(d) = d**2 - 4*d - 2. Is m(j) a prime number?
False
Let w(c) = c**3 - 3*c**2 + 4*c - 7. Let a(j) = -j**3. Let q(m) = 2*a(m) + w(m). Suppose 4*u - 13 + 45 = -3*h, -5*u - 37 = 3*h. Is q(u) a prime number?
True
Suppose 0 = -4*u + 4*y + 12, -4*u - y - 3 = -0*y. Let b be 9/((-3)/(-3) + u). Let r(n) = n**2 - 7*n + 3. Is r(b) composite?
True
Suppose 5*r - 2393 + 438 = 0. Let i = r - -136. Is i a composite number?
True
Let g = 256 - -651. Is g a composite number?
False
Suppose -6*s + 2*s = -5*n - 243, -2*s + 117 = -n. Let f = -22 + s. Is f a prime number?
False
Let c(l) = -7*l**3 - 2*l**2 - 2 + 8*l**3 + 3*l + 0*l + 9*l**2. Suppose 0 = -2*g + 3*g - 2*k + 11, -3*k = -g - 15. Is c(g) prime?
False
Let s = 2 - -2. Suppose -2*a - 3822 = -4*l, 0 = -0*a + 4*a + s. Is l a composite number?
True
Let b(f) = 15*f**2 - f. Let w be b(1). Suppose -4 = -q - w. Let u = q + 16. Is u a prime number?
False
Suppose l = 3*l - 44. Suppose 2*n = -2*z + l, -54 - 25 = -5*z + n. Let g = z + -1. Is g prime?
False
Is ((-6)/15)/(3/15) - -1335 a prime number?
False
Let n(c) = c - 5. Let g be n(7). Let t(y) = -5 - 2*y - 5*y + 0*y + 6*y**g. Is t(6) prime?
False
Suppose -7 = -4*d + 1, -2*d = -f + 219. Is f a composite number?
False
Suppose 0 = 6*q + 3 - 117. Let r(s) = -s**3 + 18*s**2 + 24*s - 4. Is r(q) a composite number?
True
Is (1/2)/(1/762) prime?
False
Suppose -s + 1 = -1. Suppose -s*a + 6 = -3*d - 286, 3*a - 427 = -d. Is a composite?
True
Suppose 2*g + d - 389 = 322, d = -5*g + 1785. Is g prime?
False
Let b(g) = -g**3 - 12*g**2 + 9*g - 13. Is b(-13) prime?
False
Suppose -23 - 17 = -5*q. Let u(v) = 25*v + 3. Is u(q) a composite number?
True
Suppose 0*b = -3*b + 153. Is b a prime number?
False
Let f(v) = -v**3 - 4*v**2 - 4. Let u be f(4). Let t = u - -185. Is t a prime number?
True
Let l(m) = -4*m**2 + 5*m - 10. Let u be l(4). Suppose 2*g + 0*g + 5*d = -51, -2 = 2*d. Let h = g - u. Is h a prime number?
True
Let b(a) = -158*a**3 - a**2 - a - 1. Let f be b(-1). Suppose 3*t = f + 74. Suppose -2*k = -k - t. Is k prime?
False
Let b = 332 - 225. Suppose 2*c - b = 253. Suppose -3*s = -213 - c. Is s prime?
True
Let a = 101 + 164. Is a prime?
False
Is (-3)/2*(-1642)/12*4 prime?
True
Let l(j) = 0*j + 5 - 5*j + 6*j**2 - 3. Is l(5) composite?
False
Let f = -44 - -933. Is f a composite number?
True
Let c(x) = x**2 - 4*x**2 + 2*x**2 + 2*x**2 - 11. Is c(-8) a prime number?
True
Suppose 7*j - 3*j = 344. Suppose -5*m = -4*f - 2*m + 187, 0 = -2*f + 4*m + j. Is f a prime number?
False
Let r be 2708/6 + (-12)/(-18). Suppose -y - r = -5*y. Is y prime?
True
Suppose 4*k - 2 - 10 = 0. Is (-280 - -13)*(-1)/k a composite number?
False
Let p(u) = -2 + 1 + 1 + 45*u + 4. Is p(6) a composite number?
True
Suppose -j + 4*n = -22 - 8, -3*n - 94 = -4*j. Suppose k - j = -2*a, 0 = -4*a - 5*k + 6 + 44. Is a a prime number?
False
Let f = 177 + 6. Is f a prime number?
False
Suppose -5*d + 850 = -3085. Is d prime?
True
Let h(g) = 47*g + 19. Is h(8) prime?
False
Let n = 77 + 130. Let l = n + 48. Suppose -r - 5*g = -68, 2*g = 3*r - 0*g - l. Is r prime?
True
Suppose c = 8*c - 33621. Is c a composite number?
True
Let q(u) = -4 + 4*u**2 - 2*u**3 - 3*u**2 + 8*u**3 - 2*u. Is q(3) a composite number?
True
Let i = -1402 - -1983. Is i a prime number?
False
Suppose -y = -99 - 36. Suppose -w - y = -4*w. Let d = 78 - w. Is d a prime number?
False
Suppose 3*s - 148 = 3*i + 158, 2*i + 197 = -5*s. Let a = i - -220. Is a a prime number?
False
Suppose -11*f + 1488 + 2681 = 0. Is f prime?
True
Let k(i) = 14*i**2 - 2*i - 1. Let c be -1 + 1 - (-2 + 4). Is k(c) composite?
False
Is ((-4)/(-16)*4)/(1/337) composite?
False
Let a(o) = -o. Let g be a(3). Let p(r) = 3*r**3 + 5*r**2 + 2*r - 4. Let l be p(g). Is (-2 - (-1 - l))/(-1) a composite number?
False
Suppose -9 = 2*u - 3*u. Let b(o) = o**2 - 5*o - 5. Is b(u) a composite number?
False
Let t be -5*-4*(-158)/20. Let u = t - -321. Is u composite?
False
Suppose 2*z = 4*z - 8. Let v be (0/(-1))/(z/2). Suppose 0 = -5*h - 3*m + 442, 2*h + m - 177 = -v*h. Is h composite?
False
Suppose 0 = -b - 15 + 34. Let p = b + 46. Is p prime?
False
Suppose -2*u = -2*k - 312, -3*k - 146 = -u - 0*k. Is u a composite number?
True
Suppose f = j + 6249, 2*f = -4*j + 11240 + 1234. Is f a composite number?
True
Let m(z) = 4*z + 9. Let y be m(14). Suppose -y = -4*q + 147. Is q composite?
False
Suppose -p - 3*i = -2*p - 21, -2*p - 9 = 5*i. Is (-385)/22*p/10 a composite number?
True
Let l(m) = 30*m**3 + 2*m**2 - m + 1. Is l(2) prime?
False
Let h(o) = -o**2 - 12*o - 8. Let j be h(-11). Suppose -b + 62 = b - x, 5*b - j*x = 155. Is b composite?
False
Let o be 4/10 - (-1344)/15 - -1. Let h(s) = 313*s**2 - s - 1. Let p be h(-1). Suppose -p + 3 = -4*i - 2*a, 0 = i - 4*a - o. Is i a composite number?
False
Suppose -k - 3*k + 8 = 0. Is (-1956)/(-8)*k/3 a prime number?
True
Let b be (-97)/(-4) + 2/(-8). Let w = b - 17. Suppose -4*s + 18 = 3*g, 2*g + w = 3. Is s composite?
True
Let w be 2 + (-534)/4*-2. Suppose -6 = -q + 3*q, -2*y + 5*q = -w. Is y a composite number?
False
Is (0 + 1 + 0)*127 a composite number?
False
Suppose 0*x = 5*x + 40. Let t(c) = 2*c**2 + 11*c - 1. Is t(x) prime?
False
Is ((-2804)/8*2)/(-1) composite?
False
Let y be (-5276)/9 - (-10)/45. Let d be y/(-3) - 4/(-6). Is (-2 + -2)*d/(-16) composite?
True
Let n(g) = -g - 5. Let s be n(-8). Suppose -s*w + 0*w + 267 = 0. Is w composite?
False
Let h = 5 + 0. Suppose 0 = h*t - 409 - 546. Is t composite?
False
Suppose -24 = -4*o - 224. Suppose -429 = 5*l - j - j, -96 = l + 3*j. Let g = o - l. Is g prime?
True
Let x(f) = -f + 2. Let y be x(-3). Suppose 6*k = y*k + 4. Suppose c - 27 = -k. Is c prime?
True
Suppose -n - 1 = -4. Let g(z) = z - 11*z**2 - 11 + 2*z**2 + z + 10*z + z**n. Is g(8) prime?
False
Let l(a) = -4*a**3 + 6*a**2 - a - 1. Let w(v) = 9*v**3 + 6*v - v - 3*v - 12*v**2 + 3. Let y(b) = -5*l(b) - 2*w(b). Is y(4) a composite number?
True
Suppose 0 = -5*p - 4*t - 35, 0 = -5*p + 2*t + 3*t + 10. Let k be (p/3)/(2 + -1). Is k/(-2*3/402) composite?
False
Let c(l) = -l**3 - 8*l**2 - 7*l + 3. Let y be c(-7). Let v(h) = 5*h - 2. Is v(y) a prime number?
True
Let j be -3 + 1 + -1 + -11. Let w = 33 + j. Is w a composite number?
False
Suppose 2*p - 3*v = -4*v, 4*v + 5 = -3*p. Let j = 1 + p. Suppose -40 = -j*q - 12. Is q a prime number?
False
Suppose -4*t + 4 = -6*t. Is 12 + -2*3/t a prime number?
False
Let s be 114/27 - (-6)/(-27). Suppose 5*y = s*z + 2*y - 397, -488 = -5*z + y. Is z prime?
True
Let o = 4 - 11. Let k = o - -29. Is k composite?
True
Let y = 43 - 21. Suppose 5*a + 5*c + 10 = -5, 5*a - 2*c = -y. Let z = a - -11. Is z a prime number?
True
Let g(w) = -w - 6. Let r be g(-8). Suppose -l - 1 = -r*l, 49 = 4*u - 3*l. Is u prime?
True
Let x = 100 - -765. Let z = -242 + x. Is z a prime number?
False
Let k = 1135 + 50. Suppose -6*b + 11*b = k. Suppose 3*o = -0*o + b. Is o prime?
True
Let j(h) be the first derivative of -31*h**4/4 - h**3/3 - 3. Let q be j(2). Let y = -17